se 13, what is -304a + -140c?
-4459
In base 7, what is 10662132 + 3?
10662135
In base 5, what is 211410 + -32223?
124132
In base 5, what is -13044221 - 3232?
-13103003
In base 5, what is 1422411 - -11011?
1433422
In base 2, what is 11101 + -1001111000000001100101010?
-1001111000000001100001101
In base 7, what is -4 + -20533302?
-20533306
In base 14, what is -13d - 5978?
-5ab7
In base 4, what is 11122 - -30033123121?
30033200303
In base 9, what is 8 + 124271788?
124271807
In base 7, what is 1050 + 465526?
466606
In base 10, what is -1184 + -24984?
-26168
In base 11, what is -335 - 27257?
-27591
In base 4, what is -1301 - -2010323331?
2010322030
In base 6, what is 3222415 + 1014?
3223433
In base 12, what is 11b4 + 11b7?
23ab
In base 7, what is -6310 - 165141?
-204451
In base 6, what is -1054543 + 35?
-1054504
In base 15, what is 3 - -22c6e8?
22c6eb
In base 11, what is -12 - 344a480?
-344a492
In base 7, what is 25130 - 5054?
20043
In base 11, what is -407aa + -33?
-40832
In base 2, what is -101001100101101001010 + -1000?
-101001100101101010010
In base 5, what is -12410421 - -122?
-12410244
In base 5, what is 11331 + -23000000?
-22433114
In base 10, what is 4314385 - -14?
4314399
In base 16, what is -9 - -7c46fa8?
7c46f9f
In base 14, what is -238a - 8a44?
-add0
In base 8, what is -40034353 + 13?
-40034340
In base 12, what is -2a88a + a0?
-2a7aa
In base 13, what is 10 - 256405?
-2563c5
In base 7, what is 133351552 + -16?
133351533
In base 13, what is 5c00 + a029?
12c29
In base 11, what is -57160 - -9?
-57152
In base 2, what is -1000110000100001000110 - 11?
-1000110000100001001001
In base 4, what is 1012103031 + -2123?
1012100302
In base 15, what is -b4d64d1 - -2?
-b4d64ce
In base 3, what is 10011121010 - 12110012?
2222010221
In base 16, what is -dbfb5 - -3?
-dbfb2
In base 2, what is -10011011101 - -100011101011011010?
100011010111111101
In base 16, what is -1 - 1f545d?
-1f545e
In base 15, what is -3109 + -1c53b?
-20645
In base 4, what is -221312002331 - 10?
-221312003001
In base 5, what is -32034 - 34000?
-121034
In base 14, what is -244b - 2890?
-4cdb
In base 13, what is 3116acb4 - 5?
3116acac
In base 5, what is -3044404233 - 313?
-3044410101
In base 13, what is -1 + 2830575?
2830574
In base 6, what is -3 + 300115021?
300115014
In base 4, what is 1212212 - -20102113?
21320331
In base 12, what is 3 - 6224a?
-62247
In base 15, what is -12361 + 233?
-1212d
In base 10, what is 1770563 - 5?
1770558
In base 5, what is -22033201411 + 3?
-22033201403
In base 11, what is -2 - -351894?
351892
In base 5, what is -1033122104 + 1040?
-1033121014
In base 15, what is 631ca - d?
631bc
In base 10, what is 35 + 152767?
152802
In base 6, what is -50122002 - -53?
-50121505
In base 5, what is -14 + 14121012333?
14121012314
In base 5, what is 3311 - 1114410?
-1111044
In base 13, what is 1ba0 - -1bc4?
3a94
In base 14, what is -4a0 - 45915?
-45db5
In base 3, what is -112221020 + -202201?
-120200221
In base 9, what is 406141 - -86?
406237
In base 2, what is -10100 - -1100110101000001110001001?
1100110101000001101110101
In base 8, what is -476653057 - 2?
-476653061
In base 5, what is 0 - -13310002011?
13310002011
In base 13, what is -a060b1 + -5?
-a060b6
In base 2, what is -11010100101110000101101 - -10110?
-11010100101110000010111
In base 13, what is 2a412 - -759a?
349ac
In base 5, what is -1021403331403 + -3?
-1021403331411
In base 15, what is -3a5e63 - 0?
-3a5e63
In base 16, what is 2d5f - -1cb5?
4a14
In base 7, what is -40 + 41301?
41231
In base 12, what is -25431 - 682?
-25ab3
In base 8, what is -1 - 35232622?
-35232623
In base 2, what is -110 - 10000100100110000110110111?
-10000100100110000110111101
In base 4, what is -30012322303210 - 3?
-30012322303213
In base 4, what is 33020 + -312212?
-213132
In base 6, what is 5141220 + -124?
5141052
In base 7, what is -11 - 42512111?
-42512122
In base 14, what is 31 - d41c?
-d3cb
In base 12, what is 5 - -20231873?
20231878
In base 7, what is 2 - 101215416?
-101215414
In base 3, what is -1100202021 - -12221?
-1100112100
In base 7, what is -3554234553 - 3?
-3554234556
In base 4, what is 1211 + -30130101?
-30122230
In base 15, what is 4839 + -41c?
441c
In base 13, what is -6a95a4c - 1?
-6a95a50
In base 4, what is 2 + -21102203323?
-21102203321
In base 3, what is -1 + -12122022121102?
-12122022121110
In base 14, what is -16258 + 51?
-16207
In base 5, what is 23 + -30241323204?
-30241323131
In base 15, what is 4 - -3db6ac?
3db6b1
In base 5, what is 240 + 423141?
423431
In base 4, what is 1 + 1101013010123?
1101013010130
In base 2, what is 101000100101 - -110011100?
101111000001
In base 7, what is -3 - 43326506?
-43326512
In base 12, what is 46b87 + 1b?
46ba6
In base 12, what is 63 + 943995?
943a38
In base 7, what is -23315660 - -4?
-23315653
In base 2, what is 110001011 + -1111111000010?
-1111000110111
In base 7, what is -2 + -113424535?
-113424540
In base 9, what is -77810 + -8403?
-87313
In base 9, what is 851052242 - -3?
851052245
In base 5, what is 1424 + 24132023?
24134002
In base 7, what is -1 + -1552411052?
-1552411053
In base 3, what is 10211 - -11100100220?
11100111201
In base 3, what is -201120 - -21202102100?
21201200210
In base 6, what is 341 + -420452352?
-420452011
In base 3, what is -20010210212 - -22020?
-20010111122
In base 16, what is -b4238c6 + 0?
-b4238c6
In base 6, what is 4 + 2021014131?
2021014135
In base 7, what is -145631506 - -1?
-145631505
In base 5, what is 30 - -1211230330?
1211230410
In base 3, what is -122 + -121202011102211?
-121202011110110
In base 14, what is a - 1bd8c63?
-1bd8c57
In base 10, what is 1517126 - -12?
1517138
In base 15, what is -5 - ccac28?
-ccac2d
In base 11, what is -1990381a + -10?
-1990382a
In base 2, what is 101 + -10010001010000110001?
-10010001010000101100
In base 10, what is -11 - 330264?
-330275
In base 15, what is -25d58 + a?
-25d4d
In base 14, what is 18b15cd - 5?
18b15c8
In base 12, what is 1a48 - -81a3?
a02b
In base 13, what is -10c - a9ba3?
-a9cb2
In base 16, what is 42c6bf8 - -2?
42c6bfa
In base 3, what is 10011221 + -221111101?
-211022110
In base 2, what is 11111101010100110010 + -1001?
11111101010100101001
In base 2, what is -1110111011010010100100 + -111101?
-1110111011010011100001
In base 14, what is -1b63701 - 9?
-1b6370a
In base 10, what is -10 + 62921877?
62921867
In base 11, what is 21106 + -4713?
174a3
In base 12, what is 6444 - -15b24?
20368
In base 11, what is -16675 + -68?
-16732
In base 6, what is -4131223 - 120?
-4131343
In base 6, what is 114 + 344252453?
344253011
In base 9, what is -2063225 - -128?
-2063086
In base 10, what is 179 + 273843?
274022
In base 10, what is -631085 - 376?
-631461
In base 15, what is 650 - -2bdd?
333d
In base 9, what is 253 + 1154418?
1154672
In base 3, what is 21221111 - 22201210?
-210022
In base 16, what is 4 + -1d5d15?
-1d5d11
In base 2, what is -110 - -11110111100100010100000011?
11110111100100010011111101
In base 5, what is 101 + 131311?
131412
In base 10, what is -793 - 725937?
-726730
In base 2, what is -11000 + 1100010111011110111?
1100010111011011111
In base 6, what is -23220421 + 2115?
-23214302
In base 12, what is 1794ba5 + 1?
1794ba6
In base 13, what is 720560 + -1c?
720541
In base 3, what is -2202012021211122 + 11?
-2202012021211111
In base 16, what is 27982 + -12?
27970
In base 10, what is 53 + 41194?
41247
In base 16, what is -9d - -11e?
81
In base 14, what is 5 - -50067?
5006c
In base 4, what is -1002120 + -31322021?
-32330201
In base 16, what is -123 - -39e74?
39d51
In base 4, what is 2103011 + -3023032?
-320021
In base 16, what is 311 + -159ff?
-156ee
In base 4, what is 31312121 - 122?
31311333
In base 9, what is 10 - -263104817?
263104827
In base 9, what is 724 + -4683?
-3858
In base 8, what is 13326 - 61375?
-46047
In base 4, what is 30201 - 1233331?
-1203130
In base 8, what is -26416 - 13313?
-41731
In base 14, what is 1cbc - ca?
1bd2
In base 6, what is -1105223350 + -3?
-1105223353
In base 10, what is -5 + -2443380?
-2443385
In base 12, what is -43459 + -1051?
-444aa
In base 11, what is 7a + -1400a6?
-140027
In base 6, what is 1034352144 + 4?
1034352152
In base 11, what is -812 + 3749?
2a37
In base 11, what is 818 - 1137a9?
-112a91
In base 7, what is -13605 + 16502?
2564
In base 16, what is -43c + -4